actors of x(-4)?
2, 7
Let a(s) = s + 48. Let u be a(0). Suppose -x + 1 = 0, u = 5*g + 3*x - 0*x. What are the prime factors of g?
3
Let y(m) = 0*m**2 - 4*m**2 - 3 + 3*m**2 - 6*m. Let s be y(-5). Suppose q + 3*u - 10 = 9, 0 = -u + s. List the prime factors of q.
13
Let u(q) = q**2 + 5*q. Let n be u(-7). What are the prime factors of (-2 + 3)*3 + n?
17
Let h(d) = 4*d**2 - 1. Suppose 0 = 3*s + 4*b - 32, 0*b - 21 = -4*s - b. Suppose s = -n + 5*n. What are the prime factors of h(n)?
3
Let i = -22 + 14. Let c = 12 + i. Suppose r = 3*s + 6*r - 9, s = c*r + 20. List the prime factors of s.
2
Suppose 3*l + o - 71 = 6*o, -5*o = -4*l + 103. List the prime factors of l.
2
Let c = 26 - 14. Suppose 4*q = 2*n + 72, 0*q - 47 = -3*q - 2*n. Suppose a + s + 4 = q, -3*s + c = 0. What are the prime factors of a?
3
Let o = 27 + 14. Let u(k) = k**3 + 3*k**2 - 5*k. Let g be u(-4). Suppose -5 = g*n - o. What are the prime factors of n?
3
Let p(z) = -z**3 + 2*z**2 - 2*z + 1. Let u be p(1). Suppose u = -5*n - 1 + 31. What are the prime factors of n/3 - (-10)/2?
7
Let b be 2/(-2 - (-34)/16). Let o = b + -13. List the prime factors of o.
3
Let o(y) = -y**3 - 6*y**2 + 7*y + 7. Let m be o(-7). Let q = 11 - m. What are the prime factors of q?
2
Let k(x) = 2*x**2 - 2*x - 2. Let f = -13 + 18. Let q = f - 3. List the prime factors of k(q).
2
Let y(o) = -8*o + 21*o + 3*o**2 - 12*o. What are the prime factors of y(-1)?
2
Suppose 209 = 15*x - 241. Suppose -4*w + t = -39, w + t - 13 = -2*t. Let g = x - w. List the prime factors of g.
2, 5
Suppose 2*q - s = 19 + 19, -2*s = 4. List the prime factors of q.
2, 3
Let n(d) = d**3 + 4*d**2 - d. Let r be n(-4). Suppose 18 = -v - r*k, 4*v + 26 = -3*k - 33. What are the prime factors of (-4)/(-16) + v/(-8)?
2
Let v = 2 - 7. What are the prime factors of 16/v*30/(-12)?
2
Let k = 1 - -7. Let a = 5 - k. What are the prime factors of ((-6)/(-9))/((-1)/a)?
2
Let a(i) = i**3 - 4*i**2 - i + 2. Suppose -r + q + 2 = 0, -3 = 2*r - 4*q - 1. List the prime factors of a(r).
2, 11
Suppose -b = 4*r - 5 - 475, -r = 4*b - 120. What are the prime factors of r?
2, 3, 5
Suppose -3*t - 1 = 2. Let k be -2 + ((-3)/(-4))/(4/16). What are the prime factors of ((-20)/k)/(t*1)?
2, 5
Let f be 1/3 + (-10)/3. What are the prime factors of (f/1)/(-3) + 17?
2, 3
Let f be 174/(-5) - 2/10. What are the prime factors of f/(-2) - 9/18?
17
Suppose 0*r + r = 0. List the prime factors of (r + -2)/((-2)/5).
5
Suppose -2*b - 13 - 37 = 0. What are the prime factors of 1*(-4)/(4/b)?
5
Suppose -2*a = 4*x - 230, -a + 333 = 2*a + 3*x. List the prime factors of a.
107
Suppose -59 = -i + 121. Suppose -2*q - d = 3*q - i, -5*d = -4*q + 144. List the prime factors of q.
2, 3
Let b(r) = -r**3 - 3*r**2 - 4*r + 1. Let s be b(-3). Let z = -6 + s. List the prime factors of z.
7
Let w be ((-3)/(-2) + -2)*2. Let o = 11 - w. What are the prime factors of o?
2, 3
Suppose -6*o + 232 = -26. What are the prime factors of o?
43
Let b(u) = -6*u - 9. What are the prime factors of b(-3)?
3
Let z = -2 - -3. Let n = -9 - z. What are the prime factors of (-11 - -1)*(9 + n)?
2, 5
Let s(y) = -y**3 + 5*y**2 - 2*y - 1. Let k be (-2 + 5)*30/(-9). Let j = -6 - k. What are the prime factors of s(j)?
7
Suppose 2*h = -2*h + 188. Let m = h + -17. What are the prime factors of m?
2, 3, 5
Suppose 37 - 152 = -v. List the prime factors of v.
5, 23
Let a be (1/2)/((-5)/(-250)). Suppose 3*u - a = 20. List the prime factors of u.
3, 5
Suppose 0 = -t - d - 33, -4*d = -4*t - 168 + 20. Let h be 3*-1*t/(-21). What are the prime factors of (-1)/h - 295/(-25)?
2, 3
Suppose -5*w - 4*g = -333, -g - 2 - 1 = 0. What are the prime factors of w?
3, 23
Let u(j) = -j**3 + 15*j**2 + 23*j + 34. List the prime factors of u(16).
2, 73
Suppose 0 = -2*y + 10, -l - 4*y - y = -26. Suppose -5*r + 3 + 44 = 2*c, 3*c + l = -r. List the prime factors of r.
11
Suppose w = -w + 4. Suppose -w*x - 40 = -x. What are the prime factors of ((-24)/(-5))/((-12)/x)?
2
Suppose 2*k - 84 = -2*k. Let x = k - 12. List the prime factors of x.
3
Let b(q) = 5*q**2 + q + 1. Let p be -1 - 0/(1 + -3). What are the prime factors of b(p)?
5
Let j(l) = 120*l - 1. What are the prime factors of j(1)?
7, 17
What are the prime factors of (-11 - -10)/(2/(-142))?
71
Suppose -19 = -2*o - 1. List the prime factors of o.
3
Suppose 192 = 4*x + 5*b - 3*b, -3*b = 0. List the prime factors of x.
2, 3
Let v(c) = 18*c**3 + c. What are the prime factors of v(1)?
19
Let u = -12 - -20. Let d be 2/u + (-1)/4. Suppose h + 6 - 17 = d. What are the prime factors of h?
11
Let c(k) = k**3 + 7*k**2 + k + 7. Let g be c(-7). Let z(a) = -5*a + 4. Let u(y) = -9*y + 8. Let f(q) = 6*u(q) - 11*z(q). List the prime factors of f(g).
2
Suppose a = 5*g + 3*a + 66, -5*g + 3*a = 51. Let o = 23 + g. What are the prime factors of o?
11
List the prime factors of 4/(-24) - 3635/(-30).
11
Let m(p) = 21*p - 1. Let i(l) = 43*l - 2. Let c(g) = -2*i(g) + 5*m(g). Let s be c(2). Let q = s - 22. List the prime factors of q.
3, 5
Let y(f) = f**2 + 11*f + 10. Let b be y(-7). Let h = b + 33. Let i = h + -4. What are the prime factors of i?
11
Suppose -26 = 5*s - 3*a, -s - 3*a = -6*a + 10. What are the prime factors of (-2 - s) + -2 - -2?
2
Suppose 40 + 260 = 3*f. What are the prime factors of f?
2, 5
List the prime factors of -10*(-2 - (-6)/15).
2
Let m be (-2)/(-6)*0/1. Suppose m = -2*h - 2*h + 44. List the prime factors of h.
11
Suppose -z = 2*o + 43, 2*z = -5*o - 54 - 52. Let d = 12 - o. What are the prime factors of d?
2
Let b = 5 + -7. Suppose a + 3 = 4*a. Let q = a - b. What are the prime factors of q?
3
List the prime factors of ((2 - 1) + -2)*-14.
2, 7
Let a be (-3 - -1)*(2 + -3). Suppose -b + 12 = a*b. Suppose b*p + 16 = -3*l - p, -4*p = -3*l + 29. List the prime factors of l.
3
Let v(g) = 8*g**2 - g + 1. What are the prime factors of v(-2)?
5, 7
Let r = 64 - -25. Let i = r - 47. What are the prime factors of i?
2, 3, 7
Let p be (9/12)/((-1)/(-4)). Suppose -b + 136 = 4*q - p*b, -3*b = -3*q + 108. Suppose 7*l - 3*l = q. List the prime factors of l.
2
Let r(o) = o**2 - 5*o + 6. Let k be (-2)/(-7) + (-160)/(-28). List the prime factors of r(k).
2, 3
Suppose 3*f - 1560 + 411 = 0. List the prime factors of f.
383
Let n(b) = b**2 + 11*b - 22. List the prime factors of n(10).
2, 47
Let x(b) = -b**3 - 3*b**2 + 11*b + 4. What are the prime factors of x(-6)?
2, 23
Let i be (-1)/(-3) - 194/6. Let l = i + 20. What are the prime factors of (-272)/l - (-2)/(-3)?
2, 11
Let f(v) = -3*v - 1. Let s be f(-1). Suppose -5*w - 5*o + 58 = -2*o, 2*w + s*o = 24. List the prime factors of w.
11
Let d(x) be the first derivative of 3 + 5/2*x**2 + 1/3*x**3 + 6*x. What are the prime factors of d(-4)?
2
What are the prime factors of (4/10)/((-5)/(-125))?
2, 5
Suppose -2*a - 5*f = -85, -3*a + 2*f + 43 = -94. Let j = a + 2. List the prime factors of j.
47
Suppose 0 = -2*r - 2*d + 2, -r - 5 = -0*r + 3*d. Suppose -7 = -i - r*b + 2, -3 = -i + 2*b. What are the prime factors of i/(-2)*8/(-10)?
2
Suppose -15 + 5 = -2*v. Suppose 3*s - 30 - 30 = -3*z, 0 = 3*z - v*s - 52. List the prime factors of z.
19
What are the prime factors of (-12)/(-3) + -2 + 79?
3
Suppose 0 = l - 4*l + 21. What are the prime factors of l?
7
List the prime factors of ((-61)/2)/(-1 + (-4)/(-8)).
61
Let j = 2 - 0. Let f(b) = 2*b**2 + b - 2. Let q be f(j). Suppose 3*g = 2*y + 26, 3*y + 10 = g - q. What are the prime factors of g?
2, 3
Let f = 13 + 32. What are the prime factors of f?
3, 5
Suppose -23*a + 22*a = -42. What are the prime factors of a?
2, 3, 7
Suppose a - m + 1 = -4, 0 = -4*a + 3*m - 21. Let l = a - -12. List the prime factors of l.
2, 3
Suppose 4*l + 0*l - y - 35 = 0, -l + 25 = 3*y. Let b(x) = -x**2 - x + 1. Let k be b(-2). List the prime factors of -5*((-22)/l - k).
2, 3
Let o = 20 - -22. What are the prime factors of o?
2, 3, 7
Let t = 10 + 24. Let g = t - 17. What are the prime factors of g?
17
What are the prime factors of 1*-2*(-275)/10*3?
3, 5, 11
Let j = -16 - -20. Suppose -2*s + 0*s + 62 = -2*i, -3*s + j*i = -95. What are the prime factors of s?
29
Let w = -5 + 9. Suppose 7 + 5 = w*j. Suppose 12 = -i + j*i. List the prime factors of i.
2, 3
Suppose 7 = -3*a + 4*j + 41, -a + j + 11 = 0. Let f = a - 0. Suppose 9*k - f = 4*k. What are the prime factors of k?
2
Let c